743.
3, 11, 1871
What are the prime factors of 744?
2, 3, 31
List the prime factors of 1047.
3, 349
List the prime factors of 3166.
2, 1583
List the prime factors of 3036.
2, 3, 11, 23
What are the prime factors of 16739?
19, 881
List the prime factors of 23018.
2, 17, 677
List the prime factors of 381.
3, 127
What are the prime factors of 596?
2, 149
List the prime factors of 174562.
2, 87281
List the prime factors of 809.
809
List the prime factors of 22143.
3, 11, 61
List the prime factors of 10765.
5, 2153
What are the prime factors of 774?
2, 3, 43
What are the prime factors of 1118?
2, 13, 43
What are the prime factors of 818?
2, 409
List the prime factors of 191407.
277, 691
List the prime factors of 23447.
23447
What are the prime factors of 213?
3, 71
What are the prime factors of 38718?
2, 3, 239
What are the prime factors of 30345?
3, 5, 7, 17
List the prime factors of 5435.
5, 1087
List the prime factors of 5360.
2, 5, 67
What are the prime factors of 34225?
5, 37
List the prime factors of 4671.
3, 173
List the prime factors of 17155.
5, 47, 73
What are the prime factors of 21063?
3, 7, 17, 59
List the prime factors of 230.
2, 5, 23
List the prime factors of 67016.
2, 8377
What are the prime factors of 62180?
2, 5, 3109
What are the prime factors of 54391?
109, 499
List the prime factors of 1189.
29, 41
What are the prime factors of 3285?
3, 5, 73
What are the prime factors of 1061?
1061
What are the prime factors of 3488?
2, 109
What are the prime factors of 39151?
7, 17, 47
What are the prime factors of 13170?
2, 3, 5, 439
What are the prime factors of 6072?
2, 3, 11, 23
What are the prime factors of 38318?
2, 7, 17, 23
List the prime factors of 46084.
2, 41, 281
List the prime factors of 10646.
2, 5323
List the prime factors of 1871.
1871
List the prime factors of 17026.
2, 8513
What are the prime factors of 7375?
5, 59
What are the prime factors of 7148?
2, 1787
List the prime factors of 30542.
2, 15271
What are the prime factors of 273?
3, 7, 13
What are the prime factors of 9752?
2, 23, 53
List the prime factors of 38415.
3, 5, 13, 197
List the prime factors of 62089.
29, 2141
What are the prime factors of 5013?
3, 557
What are the prime factors of 105840?
2, 3, 5, 7
List the prime factors of 26855.
5, 41, 131
List the prime factors of 78668.
2, 71, 277
List the prime factors of 627.
3, 11, 19
What are the prime factors of 4380?
2, 3, 5, 73
What are the prime factors of 222?
2, 3, 37
List the prime factors of 50118.
2, 3, 8353
List the prime factors of 181.
181
List the prime factors of 1871.
1871
List the prime factors of 3803.
3803
List the prime factors of 5788.
2, 1447
What are the prime factors of 18649?
17, 1097
List the prime factors of 42054.
2, 3, 43, 163
List the prime factors of 45747.
3, 13, 17, 23
List the prime factors of 5243.
7, 107
What are the prime factors of 91951?
91951
List the prime factors of 997.
997
What are the prime factors of 1568?
2, 7
What are the prime factors of 1944?
2, 3
List the prime factors of 51679.
51679
What are the prime factors of 718?
2, 359
List the prime factors of 2346.
2, 3, 17, 23
List the prime factors of 3228.
2, 3, 269
List the prime factors of 417.
3, 139
List the prime factors of 3407.
3407
List the prime factors of 3860.
2, 5, 193
List the prime factors of 7776.
2, 3
List the prime factors of 106426.
2, 127, 419
List the prime factors of 935.
5, 11, 17
List the prime factors of 17514.
2, 3, 7, 139
What are the prime factors of 31940?
2, 5, 1597
What are the prime factors of 39609?
3, 163
What are the prime factors of 4682?
2, 2341
List the prime factors of 33580.
2, 5, 23, 73
What are the prime factors of 13310?
2, 5, 11
What are the prime factors of 10526?
2, 19, 277
What are the prime factors of 34852?
2, 8713
What are the prime factors of 596?
2, 149
List the prime factors of 752.
2, 47
List the prime factors of 7917.
3, 7, 13, 29
What are the prime factors of 1049?
1049
What are the prime factors of 11901?
3, 3967
List the prime factors of 188.
2, 47
List the prime factors of 1368.
2, 3, 19
List the prime factors of 1196.
2, 13, 23
List the prime factors of 842.
2, 421
List the prime factors of 4930.
2, 5, 17, 29
List the prime factors of 1116.
2, 3, 31
What are the prime factors of 600?
2, 3, 5
What are the prime factors of 345?
3, 5, 23
What are the prime factors of 77?
7, 11
What are the prime factors of 1782?
2, 3, 11
What are the prime factors of 5081?
5081
What are the prime factors of 824?
2, 103
List the prime factors of 4.
2
What are the prime factors of 37841?
79, 479
What are the prime factors of 4802?
2, 7
List the prime factors of 166.
2, 83
What are the prime factors of 1123?
1123
List the prime factors of 606.
2, 3, 101
List the prime factors of 7911.
3, 293
List the prime factors of 4046.
2, 7, 17
What are the prime factors of 798?
2, 3, 7, 19
What are the prime factors of 995?
5, 199
What are the prime factors of 13454?
2, 7, 31
List the prime factors of 26536.
2, 31, 107
What are the prime factors of 3622?
2, 1811
List the prime factors of 18789.
3, 6263
What are the prime factors of 795?
3, 5, 53
List the prime factors of 343.
7
What are the prime factors of 3392?
2, 53
List the prime factors of 1675.
5, 67
List the prime factors of 10204.
2, 2551
List the prime factors of 30335.
5, 6067
What are the prime factors of 4338?
2, 3, 241
What are the prime factors of 79?
79
List the prime factors of 89180.
2, 5, 7, 13
What are the prime factors of 832?
2, 13
What are the prime factors of 1602?
2, 3, 89
What are the prime factors of 7943?
13, 47
What are the prime factors of 10726?
2, 31, 173
What are the prime factors of 82741?
97, 853
What are the prime factors of 3622?
2, 1811
What are the prime factors of 5810?
2, 5, 7, 83
What are the prime factors of 5190?
2, 3, 5, 173
List the prime factors of 2738.
2, 37
List the prime factors of 975.
3, 5, 13
What are the prime factors of 5383?
7, 769
List the prime factors of 123749.
67, 1847
What are the prime factors of 5493?
3, 1831
What are the prime factors of 666?
2, 3, 37
List the prime factors of 1349.
19, 71
What are the prime factors of 12418?
2, 7, 887
What are the prime factors of 20147?
20147
List the prime factors of 1241.
17, 73
What are the prime factors of 83843?
83843
What are the prime factors of 5824?
2, 7, 13
List the prime factors of 942.
2, 3, 157
What are the prime factors of 66779?
43, 1553
List the prime factors of 1116.
2, 3, 31
List the prime factors of 405.
3, 5
What are the prime factors of 7839?
3, 13, 67
List the prime factors of 1776.
2, 3, 37
What are the prime factors of 1164?
2, 3, 97
What are the prime factors of 9995?
5, 1999
What are the prime factors of 10418?
2, 5209
What are the prime factors of 3766?
2, 7, 269
List the prime factors of 87215.
5, 17443
List the prime factors of 1434.
2, 3, 239
List the prime factors of 1167.
3, 389
List the prime factors of 33185.
5, 6637
List the prime factors of 1564.
2, 17, 23
List the prime factors of 8060.
2, 5, 13, 31
What are the prime factors of 870?
2, 3, 5, 29
List the prime factors of 1112.
2, 139
List the prime factors of 760.
2, 5, 19
What are the prime factors of 14501?
17, 853
What are the prime factors of 16467?
3, 11, 499
What are the prime factors of 3320?
2, 5, 83
List the prime factors of 488.
2, 61
What are the prime factors of 139233?
3, 46411
What are the prime factors of 1615?
5, 17, 19
List the prime factors of 6753.
3, 2251
What are the prime factors of 10430?
2, 5, 7, 149
List the prime factors of 1652.
2, 7, 59
List the prime factors of 3485.
5, 17, 41
List the prime factors of 4885.
5, 977
List the prime factors of 3041.
3041
What are the prime factors of 3463?
3463
What are the prime factors of 19206?
2, 3, 11, 97
List the prime factors of 119.
7, 17
List the prime factors of 243.
3
List the prime factors of 7271.
11, 661
List the prime factors of 6635.
5, 1327
What are the prime factors of 9552?
2, 3, 199
What are the prime factors of 4505?
5, 17, 53
List the prime factors of 6784.
2, 53
List the prime factors of 23254.
2, 7, 11, 151
What are the prime factors of 20956?
2, 13, 31
What are the prime factors of 15064?
2, 7, 269
What are the prime factors of 9660?
2, 3, 5, 7, 23
List the prime factors of 